r?
True
Is 1295187 composite?
True
Is 47837 composite?
False
Is 366551 composite?
True
Is 45143 a prime number?
False
Is 2763109 a prime number?
True
Is 701503 a prime number?
False
Is 2435 composite?
True
Is 20249 a prime number?
True
Is 37781 composite?
False
Is 43207 composite?
False
Is 213835 a composite number?
True
Is 215465 a composite number?
True
Is 382 composite?
True
Is 922343 a prime number?
False
Is 15293 prime?
False
Is 35669 prime?
False
Is 376949 a prime number?
True
Is 8663 a prime number?
True
Is 319363 composite?
True
Is 176173 composite?
True
Is 1273613 composite?
True
Is 24581 a prime number?
False
Is 86639 a composite number?
True
Is 6673 a composite number?
False
Is 38971 prime?
True
Is 97387 composite?
False
Is 55043 prime?
False
Is 5981 a prime number?
True
Is 227177 a prime number?
True
Is 31007 a composite number?
True
Is 1316621 prime?
True
Is 21011 a composite number?
False
Is 7721 composite?
True
Is 512269 prime?
True
Is 3877 a prime number?
True
Is 1128889 prime?
True
Is 558717 a prime number?
False
Is 106787 a prime number?
True
Is 2149 a composite number?
True
Is 4831 prime?
True
Is 11149 composite?
False
Is 47737 composite?
False
Is 5803 a composite number?
True
Is 63227 prime?
False
Is 193051 composite?
False
Is 36829 composite?
True
Is 7113 prime?
False
Is 27341 a prime number?
False
Is 40613 a composite number?
True
Is 208414 a prime number?
False
Is 15941 a prime number?
False
Is 59101 a prime number?
False
Is 3259 composite?
False
Is 1349463 composite?
True
Is 202201 composite?
False
Is 13561 composite?
True
Is 1211 a composite number?
True
Is 3942699 a prime number?
False
Is 213103 prime?
False
Is 33703 a prime number?
True
Is 27143 a prime number?
True
Is 55987 composite?
False
Is 20201 a composite number?
False
Is 164813 a composite number?
True
Is 2627 a composite number?
True
Is 118081 prime?
True
Is 9953 composite?
True
Is 388393 a composite number?
True
Is 16741 a prime number?
True
Is 58583 a composite number?
True
Is 4127 a composite number?
False
Is 16322 composite?
True
Is 660167 prime?
True
Is 174389 a prime number?
True
Is 5143 composite?
True
Is 14029 a prime number?
True
Is 236549 composite?
False
Is 17863 composite?
False
Is 53401 prime?
True
Is 13873 a composite number?
False
Is 29615 prime?
False
Is 240421 a composite number?
False
Is 1623 composite?
True
Is 2316133 a composite number?
False
Is 13241 composite?
False
Is 569909 prime?
False
Is 112771 composite?
False
Is 600283 prime?
True
Is 163535 a prime number?
False
Is 2235283 a composite number?
False
Is 961 prime?
False
Is 124519 composite?
True
Is 3611623 a prime number?
True
Is 401449 a prime number?
False
Is 5923 a prime number?
True
Is 6139 composite?
True
Is 100811 a prime number?
True
Is 597989 a prime number?
False
Is 174869 prime?
False
Is 41423 composite?
True
Is 111763 prime?
False
Is 19658 a prime number?
False
Is 87817 a prime number?
False
Is 678595 composite?
True
Is 21103 composite?
True
Is 91453 a prime number?
True
Is 1296742 a composite number?
True
Is 4751 composite?
False
Is 432889 a prime number?
False
Is 339011 a prime number?
False
Is 23369 a prime number?
True
Is 2205059 prime?
True
Is 2395 composite?
True
Is 20323 a composite number?
False
Is 75877 a composite number?
True
Is 120541 a prime number?
False
Is 99943 composite?
True
Is 218579 a composite number?
False
Is 30529 prime?
True
Is 43283 composite?
False
Is 24011 composite?
True
Is 78341 a prime number?
True
Is 116221 a prime number?
False
Is 121787 prime?
True
Is 1273837 a prime number?
False
Is 673 prime?
True
Is 139985 a composite number?
True
Is 673921 composite?
False
Is 5513 composite?
True
Is 66667 composite?
True
Is 57899 a prime number?
True
Is 10663 a composite number?
False
Is 803669 prime?
True
Is 4283 composite?
False
Is 143 prime?
False
Is 13201 prime?
False
Is 323159 a composite number?
True
Is 53327 a composite number?
False
Is 1115447 a prime number?
True
Is 2369 a prime number?
False
Is 53659 composite?
True
Is 24359 a composite number?
False
Is 31009 prime?
False
Is 172847 prime?
False
Is 2789 composite?
False
Is 3821 a prime number?
True
Is 69811 composite?
True
Is 1543 prime?
True
Is 339391 a prime number?
False
Is 5113 a prime number?
True
Is 6609 prime?
False
Is 105601 prime?
True
Is 1322831 prime?
True
Is 53981 composite?
True
Is 3102851 a composite number?
False
Is 2899 a prime number?
False
Is 2078 prime?
False
Is 933 composite?
True
Is 16223 prime?
True
Is 18863 a composite number?
True
Is 86813 a composite number?
False
Is 33361 prime?
False
Is 4905179 prime?
True
Is 143873 a composite number?
False
Is 737 a prime number?
False
Is 165953 composite?
True
Is 11351 composite?
False
Is 520241 a composite number?
False
Is 252919 a prime number?
True
Is 24763 a prime number?
True
Is 1044833 a composite number?
False
Is 7737 a prime number?
False
Is 2016769 prime?
False
Is 1248631 a prime number?
True
Is 23209 a composite number?
False
Is 12263 a prime number?
True
Is 3071 composite?
True
Is 195121 a composite number?
False
Is 182041 a prime number?
True
Is 469307 a composite number?
True
Is 551483 prime?
True
Is 192839 a prime number?
False
Is 1841 a composite number?
True
Is 295549 composite?
True
Is 50821 composite?
False
Is 60547 prime?
False
Is 47305 a prime number?
False
Is 5561 a prime number?
False
Is 135887 a composite number?
False
Is 7799 prime?
False
Is 2081 prime?
True
Is 45691 a prime number?
True
Is 39839 a composite number?
False
Is 419 a prime number?
True
Is 10637 a composite number?
True
Is 138133 prime?
False
Is 663023 a prime number?
False
Is 25963 a composite number?
True
Is 188171 a composite number?
False
Is 30997 prime?
False
Is 467407 a prime number?
False
Is 373781 composite?
True
Is 2747 composite?
True
Is 48713 composite?
True
Is 14429 prime?
False
Is 153443 prime?
True
Is 2473 composite?
False
Is 383269 a prime number?
False
Is 251659 a prime number?
False
Is 37667 composite?
True
Is 4091 composite?
False
Is 5737 prime?
True
Is 61909 a composite number?
False
Is 72934 prime?
False
Is 391259 prime?
False
Is 33871 composite?
False
Is 739582 a composite number?
True
Is 37031 a prime number?
False
Is 6826 prime?
False
Is 359039 composite?
True
Is 10331 a prime number?
True
Is 19121 prime?
True
Is 188049 a prime number?
False
Is 146239 a composite number?
False
Is 6847 prime?
False
Is 309129 composite?
True
Is 12381 a composite number?
True
Is 2159 a prime number?
False
Is 63163 a prime number?
False
Is 11559 prime?
False
Is 437117 prime?
False
Is 479647 composite?
True
Is 21703 composite?
True
Is 5701 a composite number?
False
Is 5917 composite?
True
Is 1361 prime?
True
Is 14897 composite?
False
Is 153143 prime?
False
Is 426117 composite?
True
Is 7603 a prime number?
True
Is 5617 composite?
True
Is 18959 a prime number?
True
Is 8639 a prime number?
False
Is 941 composite?
False
Is 118453 a composite number?
False
Is 4327 a prime number?
True
Is 23093 a composite number?
True
Is 28789 a prime number?
True
Is 128701 a prime number?
False
Is 2982431 a composite number?
False
Is 51851 a prime number?
False
Is 45706 composite?
True
Is 20843 a prime number?
False
Is 355169 composite?
True
Is 54559 a composite number?
False
Is 30505 a prime number?
False
Is 527057 composite?
False
Is 937111 a prime number?
False
Is 36827 prime?
False
Is 1481 a prime number?
True
Is 17827 a composite number?
False
Is 75287 a composite number?
True
Is 6947 a prime number?
True
Is 17077 a composite number?
False
Is 6593 a composite number?
True
Is 591431 composite?
False
Is 11239 a prime number?
True
Is 4783 prime?
True
Is 32447 a prime number?
False
Is 40213 composite?
False
Is 161201 a composite number?
False
Is 7669 a prime number?
True
Is 136491 a composite number?
True
Is 43649 a prime number?
True
Is 1511 composite?
False
Is 18811 composite?
True
Is 256769 a prime number?
False
Is 220283 composite?
True
Is 44483 prime?
True
Is 46891 a composite number?
True
Is 484457 prime?
True
Is 186293 composite?
True
Is 237 composite?
True
Is 821131 a prime number?
True
Is 2027 a prime number?
True
Is 426719 composite?
True
Is 184607 a prime number?
True
Is 19541 composite?
False
Is 18329 a prime number?
True
Is 115837 prime?
True
Is 